{"id":18,"date":"2021-09-07T08:30:30","date_gmt":"2021-09-07T08:30:30","guid":{"rendered":"https:\/\/wirheiraten.ruach.jetzt\/?page_id=18"},"modified":"2021-09-07T08:30:30","modified_gmt":"2021-09-07T08:30:30","slug":"fragen-antworten","status":"publish","type":"page","link":"https:\/\/wirheiraten.ruach.jetzt\/?page_id=18","title":{"rendered":"Fragen &#038; Antworten"},"content":{"rendered":"\n<h2 class=\"wp-block-heading\">Anreise?<\/h2>\n\n\n\n<p>Anreise ist ab Freitag, den 10.9.21 ab 12 Uhr m\u00f6glich (wer m\u00f6chte). Wir m\u00fcssen am Freitag noch einiges vorbereiten und freuen uns \u00fcber Hilfe. Wenn du eine weite Anreise hast und es am Samstag nicht rechtzeitig schaffst, aber auch nicht Freitag fr\u00fchzeitig zum Helfen kommen kannst, bist du auch am Freitagabend willkommen.<\/p>\n\n\n\n<p>Wenn du nicht Freitag angereist bist, kommst du am Samstag bis sp\u00e4testens 12:00 Uhr an, damit du in Ruhe dein Zimmer oder Zelt beziehen kannst. Falls du mit dem Zug (n\u00e4chster Bahnhof Wittlich, die Eifelstrecke k\u00f6nnte aber durch die schweren Unwetter der letzten Tage zerst\u00f6rt sein, informiere dich hier\u00fcber. Ansonsten g\u00e4be es ggfs. die M\u00f6glichkeit im Raum K\u00f6ln Bonn eine Mitfahrgelegenheit mit anderen G\u00e4sten zu organisieren) anreisen m\u00f6chtest , spreche uns an, wir k\u00f6nnen ggfs. einen Shuttle Service anbieten.<\/p>\n\n\n\n<h2 class=\"wp-block-heading\">Wann geht es los?<\/h2>\n\n\n\n<p>Um 13 Uhr ist dann der offizielle Startpunkt f\u00fcr unsere Hochzeit mit einer Begr\u00fc\u00dfung, und einem kleinen Kennen-Lernen. Im Anschluss gibt es Kaffee und Kuchen sowie belegte Br\u00f6tchen. Danach gibt es Zeit f\u00fcr Gespr\u00e4che, Spiel und Spa\u00df. Um 16:30 Uhr beginnt unsere Trauung (auch an der Strotzb\u00fcscher M\u00fchle), im Anschluss ist etwas Zeit f\u00fcr Gl\u00fcckw\u00fcnsche. Um 18 Uhr beginnt das Abendessen (es wird gegrillt, auch vegetarisch und ggfs vegan, bitte f\u00fclle hierzu auch den entsprechenden Reiter im Formular auf der homepage aus).<\/p>\n\n\n\n<h2 class=\"wp-block-heading\">Verpflegung<\/h2>\n\n\n\n<p>Freitag um 18 Uhr essen wir gemeinsam, bitte bringe hier eine Kleinigkeit f\u00fcr das Buffet mit (K\u00fchlschr\u00e4nke vor Ort vorhanden), Getr\u00e4nke stellen wir.<\/p>\n\n\n\n<p>Am Samstag gibt es im Anschluss an die Er\u00f6ffnung um 13 Uhr Kaffee und Kuchen und um 18 Uhr beginnt das Abendessen.<\/p>\n\n\n\n<p>Am Sonntag gibt es ab 8:30 Uhr Fr\u00fchst\u00fcck.<\/p>\n\n\n\n<h2 class=\"wp-block-heading\">Dresscode<\/h2>\n\n\n\n<p>Bitte kleide dich so, dass du dich vor Ort wohlf\u00fchlen wirst. Bedenke bitte folgendes: In der Eifel sind es oft ein paar grad k\u00fchler, au\u00dferdem liegt der Platz im Tal am Flusslauf, was das ganze zus\u00e4tzlich abk\u00fchlt. Wenn es vorher ausgiebig geregnet hat, wird der Platz matschig, sodass du auf dem Weg zum Zelt, zur Toilette und auch zur Hochzeitszeremonie eventuell durch Schlamm laufen musst. Bitte bedenke dies bei deiner Schuhwahl (falls es doch noch ein trockener Sommer wird kann es staubig werden).<\/p>\n\n\n\n<p>Au\u00dferdem bitten die Platzwarte auf Highheels zu verzichten, um die Rasenfl\u00e4che zu schonen. Du darfst gerne Gummistiefel mitbringen, wenn dir danach ist, normale Sneaker tun es aber auch. Es ist fast unm\u00f6glich, vor Ort sauber zu bleiben, also bringe nicht dein feinstes Kleid oder aber \u00e4rgere dich nicht, wenn es dreckig wird. Abends kann es schnell abk\u00fchlen, bringe einen Fleece Pulli oder \u00c4hnliches, vielleicht sogar eine kleine Decke, in die du dich h\u00fcllen kannst, mit. Es gibt, dem Ort entsprechend, M\u00fccken und Zecken. Bringe ein M\u00fcckenrepellent und eine Zeckenzange mit. Vor Ort kann man in den niedrigen Bach baden\/ planschen (gerade auch die Kinder), ggfs gibt es Badezuber. Bringe also Badekleidung und ggfs Wasserschuhe f\u00fcr die Kinder mit.<\/p>\n\n\n\n<h2 class=\"wp-block-heading\">Geschenke<\/h2>\n\n\n\n<p>Den Camping Platz haben wir das gesamte Wochenende nur f\u00fcr uns und euch gebucht. Euch entstehen dabei keine Kosten, auch nicht f\u00fcr die Unterk\u00fcnfte, seid unsere G\u00e4ste. Wir freuen uns, wenn ihr uns beim Fest\u00a0 und den organisatorischen Dingen unterst\u00fctzt, au\u00dferdem w\u00e4re es toll, wenn der ein oder andere einen Kuchen mitbringen k\u00f6nnte (auch hier gibt es eine Liste auf der Website) oder etwas zum Buffet am Freitag beitr\u00e4gt. Unser Hausstand ist komplett und unser kleines H\u00e4uschen viel zu voll f\u00fcr viel zu wenig Platz. Wenn ihr uns dar\u00fcber hinaus noch etwas schenken m\u00f6chtet, freuen wir uns \u00fcber eine finanzielle Unterst\u00fctzung. Wer mag kann dies auch gerne \u00fcberweisen:<\/p>\n\n\n\n<div class=\"wp-block-ugb-container ugb-container ugb-1541a6e ugb-container--v2 ugb-container--design-basic ugb-main-block\"><div class=\"ugb-inner-block\"><div class=\"ugb-block-content\"><div class=\"ugb-container__wrapper ugb-1541a6e-wrapper\"><div class=\"ugb-container__side\"><div class=\"ugb-container__content-wrapper ugb-1541a6e-content-wrapper\">\n<p>Tobias Sauer<br>IBAN: DE 96 500 310 001 035 058 008<br>BIC: TRODDEF1\u00a0<\/p>\n<\/div><\/div><\/div><\/div><\/div><\/div>\n","protected":false},"excerpt":{"rendered":"<p>Anreise? Anreise ist ab Freitag, den 10.9.21 ab 12 Uhr m\u00f6glich (wer m\u00f6chte). Wir m\u00fcssen am Freitag noch einiges vorbereiten und freuen uns \u00fcber Hilfe. Wenn du eine weite Anreise hast und es am Samstag nicht rechtzeitig schaffst, aber auch nicht Freitag fr\u00fchzeitig zum Helfen kommen kannst, bist du auch am Freitagabend willkommen. Wenn du [&hellip;]<\/p>\n","protected":false},"author":1,"featured_media":0,"parent":0,"menu_order":0,"comment_status":"closed","ping_status":"closed","template":"","meta":{"hide_page_title":"","footnotes":""},"class_list":["post-18","page","type-page","status-publish","hentry"],"featured_image_urls_v2":{"full":"","thumbnail":"","medium":"","medium_large":"","large":"","1536x1536":"","2048x2048":""},"post_excerpt_stackable_v2":"<p>Anreise? Anreise ist ab Freitag, den 10.9.21 ab 12 Uhr m\u00f6glich (wer m\u00f6chte). Wir m\u00fcssen am Freitag noch einiges vorbereiten und freuen uns \u00fcber Hilfe. Wenn du eine weite Anreise hast und es am Samstag nicht rechtzeitig schaffst, aber auch nicht Freitag fr\u00fchzeitig zum Helfen kommen kannst, bist du auch am Freitagabend willkommen. Wenn du nicht Freitag angereist bist, kommst du am Samstag bis sp\u00e4testens 12:00 Uhr an, damit du in Ruhe dein Zimmer oder Zelt beziehen kannst. Falls du mit dem Zug (n\u00e4chster Bahnhof Wittlich, die Eifelstrecke k\u00f6nnte aber durch die schweren Unwetter der letzten Tage zerst\u00f6rt sein, informiere&hellip;<\/p>\n","category_list_v2":"","author_info_v2":{"name":"admin","url":"https:\/\/wirheiraten.ruach.jetzt\/?author=1"},"comments_num_v2":"0 comments","_links":{"self":[{"href":"https:\/\/wirheiraten.ruach.jetzt\/index.php?rest_route=\/wp\/v2\/pages\/18","targetHints":{"allow":["GET"]}}],"collection":[{"href":"https:\/\/wirheiraten.ruach.jetzt\/index.php?rest_route=\/wp\/v2\/pages"}],"about":[{"href":"https:\/\/wirheiraten.ruach.jetzt\/index.php?rest_route=\/wp\/v2\/types\/page"}],"author":[{"embeddable":true,"href":"https:\/\/wirheiraten.ruach.jetzt\/index.php?rest_route=\/wp\/v2\/users\/1"}],"replies":[{"embeddable":true,"href":"https:\/\/wirheiraten.ruach.jetzt\/index.php?rest_route=%2Fwp%2Fv2%2Fcomments&post=18"}],"version-history":[{"count":1,"href":"https:\/\/wirheiraten.ruach.jetzt\/index.php?rest_route=\/wp\/v2\/pages\/18\/revisions"}],"predecessor-version":[{"id":19,"href":"https:\/\/wirheiraten.ruach.jetzt\/index.php?rest_route=\/wp\/v2\/pages\/18\/revisions\/19"}],"wp:attachment":[{"href":"https:\/\/wirheiraten.ruach.jetzt\/index.php?rest_route=%2Fwp%2Fv2%2Fmedia&parent=18"}],"curies":[{"name":"wp","href":"https:\/\/api.w.org\/{rel}","templated":true}]}}